{"id":6,"date":"2019-05-22T19:00:44","date_gmt":"2019-05-22T19:00:44","guid":{"rendered":"http:\/\/demos.reytheme.com\/newyork\/?page_id=6"},"modified":"2022-09-06T17:37:53","modified_gmt":"2022-09-06T15:37:53","slug":"homepage","status":"publish","type":"page","link":"https:\/\/www.halimi.at\/","title":{"rendered":"Homepage"},"content":{"rendered":"\t\t<div data-elementor-type=\"wp-post\" data-elementor-id=\"6\" class=\"elementor elementor-6\">\n\t\t\t\t\t\t\t\t\t<section class=\"elementor-section elementor-top-section elementor-element elementor-element-68a525e elementor-section-gap-no rey-section-bg--classic elementor-section-height-min-height rey-section-stretched elementor-section-boxed elementor-section-height-default elementor-section-items-middle\" data-id=\"68a525e\" data-element_type=\"section\" data-settings=\"{&quot;background_background&quot;:&quot;classic&quot;}\">\n\t\t\t\t\t\t\t<div class=\"elementor-background-overlay\"><\/div>\n\t\t\t\t\t\t\t<div class=\"elementor-container elementor-column-gap-no\">\n\t\t\t\t\t<div class=\"elementor-column elementor-col-50 elementor-top-column elementor-element elementor-element-7c364e6 rey-colbg--classic\" data-id=\"7c364e6\" data-element_type=\"column\" data-settings=\"{&quot;background_background&quot;:&quot;classic&quot;}\">\n\t\t\t<div class=\"elementor-column-wrap--7c364e6 elementor-widget-wrap elementor-element-populated\">\n\t\t\t\t\t\t\t\t<div class=\"elementor-element elementor-element-9927d26 elementor-widget elementor-widget-heading\" data-id=\"9927d26\" data-element_type=\"widget\" data-widget_type=\"heading.default\">\n\t\t\t\t<div class=\"elementor-widget-container\">\n\t\t\t<h1 class=\"elementor-heading-title elementor-size-default\">Sauberkeit als<br>Dienst<\/h1>\t\t<\/div>\n\t\t\t\t<\/div>\n\t\t\t\t<div class=\"elementor-element elementor-element-25f51f5 elementor-widget elementor-widget-heading\" data-id=\"25f51f5\" data-element_type=\"widget\" data-widget_type=\"heading.default\">\n\t\t\t\t<div class=\"elementor-widget-container\">\n\t\t\t<h5 class=\"elementor-heading-title elementor-size-default\">.....<\/h5>\t\t<\/div>\n\t\t\t\t<\/div>\n\t\t\t\t<div class=\"elementor-element elementor-element-fa2ebca u-links-anim-ul elementor-widget elementor-widget-text-editor\" data-id=\"fa2ebca\" data-element_type=\"widget\" data-widget_type=\"text-editor.default\">\n\t\t\t\t<div class=\"elementor-widget-container\">\n\t\t\t\t\t\t\tWir k\u00fcmmern uns um Ihre komplette und regelm\u00e4\u00dfige Reinigung und Verwaltung Ihrer Objekte. Kontaktieren Sie uns noch heute\t\t\t\t\t\t<\/div>\n\t\t\t\t<\/div>\n\t\t\t\t<section class=\"elementor-section elementor-inner-section elementor-element elementor-element-dd5a9cc elementor-section-boxed elementor-section-gap-default elementor-section-height-default elementor-section-height-default\" data-id=\"dd5a9cc\" data-element_type=\"section\">\n\t\t\t\t\t\t<div class=\"elementor-container elementor-column-gap-default\">\n\t\t\t\t\t<div class=\"elementor-column elementor-col-50 elementor-inner-column elementor-element elementor-element-3c37b8a\" data-id=\"3c37b8a\" data-element_type=\"column\">\n\t\t\t<div class=\"elementor-column-wrap--3c37b8a elementor-widget-wrap elementor-element-populated\">\n\t\t\t\t\t\t\t\t<div class=\"elementor-element elementor-element-33a245c elementor-align-justify elementor-mobile-align-left elementor-widget elementor-widget-button\" data-id=\"33a245c\" data-element_type=\"widget\" data-widget_type=\"button.default\">\n\t\t\t\t<div class=\"elementor-widget-container\">\n\t\t\t\t\t<div class=\"elementor-button-wrapper\">\n\t\t\t<a href=\"https:\/\/www.halimi.at\/?page_id=609\" class=\"elementor-button-link elementor-button elementor-size-md\" role=\"button\">\n\t\t\t\t\t\t<span class=\"elementor-button-content-wrapper\">\n\t\t\t\t\t\t\t<span class=\"elementor-button-icon elementor-align-icon-right\">\n\t\t\t\t<i aria-hidden=\"true\" class=\"fas fa-long-arrow-alt-right\"><\/i>\t\t\t<\/span>\n\t\t\t\t\t\t<span class=\"elementor-button-text\">Unverbindlich anfragen<\/span>\n\t\t<\/span>\n\t\t\t\t\t<\/a>\n\t\t<\/div>\n\t\t\t\t<\/div>\n\t\t\t\t<\/div>\n\t\t\t\t\t<\/div>\n\t\t<\/div>\n\t\t\t\t<div class=\"elementor-column elementor-col-50 elementor-inner-column elementor-element elementor-element-f164fab\" data-id=\"f164fab\" data-element_type=\"column\">\n\t\t\t<div class=\"elementor-column-wrap--f164fab elementor-widget-wrap\">\n\t\t\t\t\t\t\t\t\t<\/div>\n\t\t<\/div>\n\t\t\t\t\t\t\t<\/div>\n\t\t<\/section>\n\t\t\t\t\t<\/div>\n\t\t<\/div>\n\t\t\t\t<div class=\"elementor-column elementor-col-50 elementor-top-column elementor-element elementor-element-1674adf rey-colbg--classic elementor-hidden-tablet elementor-hidden-mobile\" data-id=\"1674adf\" data-element_type=\"column\" data-settings=\"{&quot;background_background&quot;:&quot;classic&quot;}\">\n\t\t\t<div class=\"elementor-column-wrap--1674adf elementor-widget-wrap\">\n\t\t\t\t\t\t\t\t\t<\/div>\n\t\t<\/div>\n\t\t\t\t\t\t\t<\/div>\n\t\t<\/section>\n\t\t\t\t<section class=\"elementor-section elementor-top-section elementor-element elementor-element-63778eee elementor-section-boxed elementor-section-gap-default elementor-section-height-default elementor-section-height-default\" data-id=\"63778eee\" data-element_type=\"section\">\n\t\t\t\t\t\t<div class=\"elementor-container elementor-column-gap-default\">\n\t\t\t\t\t<div class=\"elementor-column elementor-col-100 elementor-top-column elementor-element elementor-element-49632889\" data-id=\"49632889\" data-element_type=\"column\">\n\t\t\t<div class=\"elementor-column-wrap--49632889 elementor-widget-wrap elementor-element-populated\">\n\t\t\t\t\t\t\t\t<div class=\"elementor-element elementor-element-13e1e695 elementor-widget elementor-widget-spacer\" data-id=\"13e1e695\" data-element_type=\"widget\" data-widget_type=\"spacer.default\">\n\t\t\t\t<div class=\"elementor-widget-container\">\n\t\t\t\t\t<div class=\"elementor-spacer\">\n\t\t\t<div class=\"elementor-spacer-inner\"><\/div>\n\t\t<\/div>\n\t\t\t\t<\/div>\n\t\t\t\t<\/div>\n\t\t\t\t<section class=\"elementor-section elementor-inner-section elementor-element elementor-element-7007c45e elementor-section-boxed elementor-section-gap-default elementor-section-height-default elementor-section-height-default\" data-id=\"7007c45e\" data-element_type=\"section\">\n\t\t\t\t\t\t<div class=\"elementor-container elementor-column-gap-default\">\n\t\t\t\t\t<div class=\"elementor-column elementor-col-100 elementor-inner-column elementor-element elementor-element-4d17ac9f\" data-id=\"4d17ac9f\" data-element_type=\"column\">\n\t\t\t<div class=\"elementor-column-wrap--4d17ac9f elementor-widget-wrap elementor-element-populated\">\n\t\t\t\t\t\t\t\t<div class=\"elementor-element elementor-element-117afc5 elementor-widget elementor-widget-heading\" data-id=\"117afc5\" data-element_type=\"widget\" data-widget_type=\"heading.default\">\n\t\t\t\t<div class=\"elementor-widget-container\">\n\t\t\t<h2 class=\"elementor-heading-title elementor-size-default\">Unsere Leistungen<br>im \u00dcberblick<\/h2>\t\t<\/div>\n\t\t\t\t<\/div>\n\t\t\t\t\t<\/div>\n\t\t<\/div>\n\t\t\t\t\t\t\t<\/div>\n\t\t<\/section>\n\t\t\t\t<section class=\"elementor-section elementor-inner-section elementor-element elementor-element-1f21a594 elementor-section-boxed elementor-section-gap-default elementor-section-height-default elementor-section-height-default\" data-id=\"1f21a594\" data-element_type=\"section\">\n\t\t\t\t\t\t<div class=\"elementor-container elementor-column-gap-default\">\n\t\t\t\t\t<div data-column-link=\"{&quot;url&quot;:&quot;https:\\\/\\\/www.halimi.at\\\/?page_id=607&quot;,&quot;target&quot;:&quot;_self&quot;}\" class=\"elementor-column elementor-col-33 elementor-inner-column elementor-element elementor-element-8378908 rey-colbg--classic\" data-id=\"8378908\" data-element_type=\"column\" data-settings=\"{&quot;background_background&quot;:&quot;classic&quot;}\">\n\t\t\t<div class=\"elementor-column-wrap--8378908 elementor-widget-wrap elementor-element-populated\">\n\t\t\t\t\t\t\t\t<div class=\"elementor-element elementor-element-6da10c3 elementor-view-default elementor-vertical-align-top elementor-widget elementor-widget-icon-box\" data-id=\"6da10c3\" data-element_type=\"widget\" data-widget_type=\"icon-box.default\">\n\t\t\t\t<div class=\"elementor-widget-container\">\n\t\t\t\t\t<div class=\"elementor-icon-box-wrapper\">\n\t\t\t\t\t\t<div class=\"elementor-icon-box-content\">\n\t\t\t\t<h4 class=\"elementor-icon-box-title\">\n\t\t\t\t\t<span  >\n\t\t\t\t\t\tWINTERDIENST\t\t\t\t\t<\/span>\n\t\t\t\t<\/h4>\n\t\t\t\t\t\t\t\t\t<p class=\"elementor-icon-box-description\">\n\t\t\t\t\t\tStets sauber &amp; gepflegte Objekte. Individuelle Winterdienstpakete f\u00fcr Ihr Objekt. \n\nJetzt noch Angebot holen 2022\/23.\t\t\t\t\t<\/p>\n\t\t\t\t\t\t\t<\/div>\n\t\t<\/div>\n\t\t\t\t<\/div>\n\t\t\t\t<\/div>\n\t\t\t\t\t<\/div>\n\t\t<\/div>\n\t\t\t\t<div data-column-link=\"{&quot;url&quot;:&quot;https:\\\/\\\/www.halimi.at\\\/?page_id=607&quot;,&quot;target&quot;:&quot;_self&quot;}\" class=\"elementor-column elementor-col-33 elementor-inner-column elementor-element elementor-element-cedd7fb rey-colbg--classic\" data-id=\"cedd7fb\" data-element_type=\"column\" data-settings=\"{&quot;background_background&quot;:&quot;classic&quot;}\">\n\t\t\t<div class=\"elementor-column-wrap--cedd7fb elementor-widget-wrap elementor-element-populated\">\n\t\t\t\t\t\t\t\t<div class=\"elementor-element elementor-element-fbd1822 elementor-view-default elementor-vertical-align-top elementor-widget elementor-widget-icon-box\" data-id=\"fbd1822\" data-element_type=\"widget\" data-widget_type=\"icon-box.default\">\n\t\t\t\t<div class=\"elementor-widget-container\">\n\t\t\t\t\t<div class=\"elementor-icon-box-wrapper\">\n\t\t\t\t\t\t<div class=\"elementor-icon-box-content\">\n\t\t\t\t<h4 class=\"elementor-icon-box-title\">\n\t\t\t\t\t<span  >\n\t\t\t\t\t\tGARTENPFLEGE\t\t\t\t\t<\/span>\n\t\t\t\t<\/h4>\n\t\t\t\t\t\t\t\t\t<p class=\"elementor-icon-box-description\">\n\t\t\t\t\t\tIhre fachliche Hilfe in Ihrem Garten. Damit auch Sie Ihren Garten genie\u00dfen und nicht nur darin arbeiten.\t\t\t\t\t<\/p>\n\t\t\t\t\t\t\t<\/div>\n\t\t<\/div>\n\t\t\t\t<\/div>\n\t\t\t\t<\/div>\n\t\t\t\t\t<\/div>\n\t\t<\/div>\n\t\t\t\t<div data-column-link=\"{&quot;url&quot;:&quot;https:\\\/\\\/www.halimi.at\\\/?page_id=607&quot;,&quot;target&quot;:&quot;_self&quot;}\" class=\"elementor-column elementor-col-33 elementor-inner-column elementor-element elementor-element-1ffcf91 rey-colbg--classic\" data-id=\"1ffcf91\" data-element_type=\"column\" data-settings=\"{&quot;background_background&quot;:&quot;classic&quot;}\">\n\t\t\t<div class=\"elementor-column-wrap--1ffcf91 elementor-widget-wrap elementor-element-populated\">\n\t\t\t\t\t\t\t\t<div class=\"elementor-element elementor-element-564c455 elementor-view-default elementor-vertical-align-top elementor-widget elementor-widget-icon-box\" data-id=\"564c455\" data-element_type=\"widget\" data-widget_type=\"icon-box.default\">\n\t\t\t\t<div class=\"elementor-widget-container\">\n\t\t\t\t\t<div class=\"elementor-icon-box-wrapper\">\n\t\t\t\t\t\t<div class=\"elementor-icon-box-content\">\n\t\t\t\t<h4 class=\"elementor-icon-box-title\">\n\t\t\t\t\t<span  >\n\t\t\t\t\t\tGEB\u00c4UDEREINIGUNG\t\t\t\t\t<\/span>\n\t\t\t\t<\/h4>\n\t\t\t\t\t\t\t\t\t<p class=\"elementor-icon-box-description\">\n\t\t\t\t\t\tDer Reinigungs-Service von Gebr\u00fcder Halimi umfasst alle Bereiche sowohl innerhalb als auch au\u00dferhalb des Geb\u00e4udes.\t\t\t\t\t<\/p>\n\t\t\t\t\t\t\t<\/div>\n\t\t<\/div>\n\t\t\t\t<\/div>\n\t\t\t\t<\/div>\n\t\t\t\t\t<\/div>\n\t\t<\/div>\n\t\t\t\t\t\t\t<\/div>\n\t\t<\/section>\n\t\t\t\t\t<\/div>\n\t\t<\/div>\n\t\t\t\t\t\t\t<\/div>\n\t\t<\/section>\n\t\t\t\t<section class=\"elementor-section elementor-top-section elementor-element elementor-element-631edd2d rey-flexWrap rey-section-bg--classic rey-section-stretched elementor-section-boxed elementor-section-gap-default elementor-section-height-default elementor-section-height-default\" data-id=\"631edd2d\" data-element_type=\"section\" data-settings=\"{&quot;background_background&quot;:&quot;classic&quot;}\">\n\t\t\t\t\t\t<div class=\"elementor-container elementor-column-gap-default\">\n\t\t\t\t\t<div class=\"elementor-column elementor-col-50 elementor-top-column elementor-element elementor-element-1269ee6a\" data-id=\"1269ee6a\" data-element_type=\"column\">\n\t\t\t<div class=\"elementor-column-wrap--1269ee6a elementor-widget-wrap elementor-element-populated\">\n\t\t\t\t\t\t\t\t<div class=\"elementor-element elementor-element-468e4bdb elementor-widget elementor-widget-image\" data-id=\"468e4bdb\" data-element_type=\"widget\" data-widget_type=\"image.default\">\n\t\t\t\t<div class=\"elementor-widget-container\">\n\t\t\t\t\t\t\t\t\t\t\t\t\t\t\t<img width=\"1024\" height=\"683\" src=\"https:\/\/www.halimi.at\/wp-content\/uploads\/2022\/04\/AdobeStock_267548196-1024x683.jpeg\" class=\"attachment-large size-large\" alt=\"\" loading=\"lazy\" srcset=\"https:\/\/www.halimi.at\/wp-content\/uploads\/2022\/04\/AdobeStock_267548196-1024x683.jpeg 1024w, https:\/\/www.halimi.at\/wp-content\/uploads\/2022\/04\/AdobeStock_267548196-300x200.jpeg 300w, https:\/\/www.halimi.at\/wp-content\/uploads\/2022\/04\/AdobeStock_267548196-768x512.jpeg 768w, https:\/\/www.halimi.at\/wp-content\/uploads\/2022\/04\/AdobeStock_267548196-1536x1024.jpeg 1536w, https:\/\/www.halimi.at\/wp-content\/uploads\/2022\/04\/AdobeStock_267548196-2048x1365.jpeg 2048w, https:\/\/www.halimi.at\/wp-content\/uploads\/2022\/04\/AdobeStock_267548196-1000x667.jpeg 1000w\" sizes=\"(max-width: 1024px) 100vw, 1024px\" \/>\t\t\t\t\t\t\t\t\t\t\t\t\t\t\t<\/div>\n\t\t\t\t<\/div>\n\t\t\t\t\t<\/div>\n\t\t<\/div>\n\t\t\t\t<div class=\"elementor-column elementor-col-50 elementor-top-column elementor-element elementor-element-70484a5c\" data-id=\"70484a5c\" data-element_type=\"column\">\n\t\t\t<div class=\"elementor-column-wrap--70484a5c elementor-widget-wrap elementor-element-populated\">\n\t\t\t\t\t\t\t\t<section class=\"elementor-section elementor-inner-section elementor-element elementor-element-45919d62 rey-section-bg--classic elementor-section-boxed elementor-section-gap-default elementor-section-height-default elementor-section-height-default\" data-id=\"45919d62\" data-element_type=\"section\" data-settings=\"{&quot;background_background&quot;:&quot;classic&quot;}\">\n\t\t\t\t\t\t<div class=\"elementor-container elementor-column-gap-default\">\n\t\t\t\t\t<div class=\"elementor-column elementor-col-100 elementor-inner-column elementor-element elementor-element-5aaf4418\" data-id=\"5aaf4418\" data-element_type=\"column\">\n\t\t\t<div class=\"elementor-column-wrap--5aaf4418 elementor-widget-wrap elementor-element-populated\">\n\t\t\t\t\t\t\t\t<div class=\"elementor-element elementor-element-1a06627 elementor-widget elementor-widget-heading\" data-id=\"1a06627\" data-element_type=\"widget\" data-widget_type=\"heading.default\">\n\t\t\t\t<div class=\"elementor-widget-container\">\n\t\t\t<h5 class=\"elementor-heading-title elementor-size-default\">100% zufriedene Kunden<\/h5>\t\t<\/div>\n\t\t\t\t<\/div>\n\t\t\t\t<div class=\"elementor-element elementor-element-ccafc5a elementor-widget elementor-widget-heading\" data-id=\"ccafc5a\" data-element_type=\"widget\" data-widget_type=\"heading.default\">\n\t\t\t\t<div class=\"elementor-widget-container\">\n\t\t\t<h3 class=\"elementor-heading-title elementor-size-default\">Effiziente Reinigung und perfekte Hygiene<\/h3>\t\t<\/div>\n\t\t\t\t<\/div>\n\t\t\t\t<div class=\"elementor-element elementor-element-c653064 u-links-anim-ul elementor-widget elementor-widget-text-editor\" data-id=\"c653064\" data-element_type=\"widget\" data-widget_type=\"text-editor.default\">\n\t\t\t\t<div class=\"elementor-widget-container\">\n\t\t\t\t\t\t\tReinigungsservice mit h\u00f6chster Sorgfalt und h\u00f6chster Sauberkeit. Damit auch Sie am Arbeitsplatz, zu Hause oder an anderen Orten, die Sauberkeit zur G\u00e4nze genie\u00dfen k\u00f6nnen.\t\t\t\t\t\t<\/div>\n\t\t\t\t<\/div>\n\t\t\t\t<div class=\"elementor-element elementor-element-3ddfbf23 elementor-button-primary elementor-widget elementor-widget-button\" data-id=\"3ddfbf23\" data-element_type=\"widget\" data-widget_type=\"button.default\">\n\t\t\t\t<div class=\"elementor-widget-container\">\n\t\t\t\t\t<div class=\"elementor-button-wrapper\">\n\t\t\t<a href=\"https:\/\/www.halimi.at\/?page_id=609\" class=\"elementor-button-link elementor-button elementor-size-sm\" role=\"button\">\n\t\t\t\t\t\t<span class=\"elementor-button-content-wrapper\">\n\t\t\t\t\t\t<span class=\"elementor-button-text\">Kontakt aufnehmen<\/span>\n\t\t<\/span>\n\t\t\t\t\t<\/a>\n\t\t<\/div>\n\t\t\t\t<\/div>\n\t\t\t\t<\/div>\n\t\t\t\t\t<\/div>\n\t\t<\/div>\n\t\t\t\t\t\t\t<\/div>\n\t\t<\/section>\n\t\t\t\t\t<\/div>\n\t\t<\/div>\n\t\t\t\t\t\t\t<\/div>\n\t\t<\/section>\n\t\t\t\t\t\t\t<\/div>\n\t\t","protected":false},"excerpt":{"rendered":"<p>Sauberkeit alsDienst &#8230;.. Wir k\u00fcmmern uns um Ihre komplette und regelm\u00e4\u00dfige Reinigung und Verwaltung Ihrer Objekte. Kontaktieren Sie uns noch heute Unverbindlich anfragen Unsere Leistungenim \u00dcberblick WINTERDIENST Stets sauber &amp; gepflegte Objekte. Individuelle Winterdienstpakete f\u00fcr Ihr Objekt. Jetzt noch Angebot holen 2022\/23. GARTENPFLEGE Ihre fachliche Hilfe in Ihrem Garten. Damit auch Sie Ihren Garten genie\u00dfen [&hellip;]<\/p>\n","protected":false},"author":1,"featured_media":0,"parent":0,"menu_order":0,"comment_status":"closed","ping_status":"closed","template":"template-builder.php","meta":[],"acf":[],"yoast_head":"<!-- This site is optimized with the Yoast SEO plugin v19.6.1 - https:\/\/yoast.com\/wordpress\/plugins\/seo\/ -->\n<title>Geb\u00e4udereinigung in Wels - Winterdienst, Gartenpflege | Gebr\u00fcder Halimi GmbH<\/title>\n<meta name=\"description\" content=\"Geb\u00e4udereinigung , Gartenpflege &amp;, Winterdienst in Wels, Ober\u00f6sterreich | Wir pflegen Ihr Objekt professionell und zuverl\u00e4ssig. Jetzt unverbindlich anfragen\" \/>\n<meta name=\"robots\" content=\"index, follow, max-snippet:-1, max-image-preview:large, max-video-preview:-1\" \/>\n<link rel=\"canonical\" href=\"https:\/\/www.halimi.at\/\" \/>\n<meta property=\"og:locale\" content=\"de_DE\" \/>\n<meta property=\"og:type\" content=\"article\" \/>\n<meta property=\"og:title\" content=\"Geb\u00e4udereinigung in Wels - Winterdienst, Gartenpflege | Gebr\u00fcder Halimi GmbH\" \/>\n<meta property=\"og:description\" content=\"Geb\u00e4udereinigung , Gartenpflege &amp;, Winterdienst in Wels, Ober\u00f6sterreich | Wir pflegen Ihr Objekt professionell und zuverl\u00e4ssig. Jetzt unverbindlich anfragen\" \/>\n<meta property=\"og:url\" content=\"https:\/\/www.halimi.at\/\" \/>\n<meta property=\"og:site_name\" content=\"Gebr\u00fcder Halimi GmbH\" \/>\n<meta property=\"article:modified_time\" content=\"2022-09-06T15:37:53+00:00\" \/>\n<meta property=\"og:image\" content=\"https:\/\/www.halimi.at\/wp-content\/uploads\/2022\/04\/AdobeStock_267548196-1024x683.jpeg\" \/>\n<meta name=\"twitter:card\" content=\"summary_large_image\" \/>\n<meta name=\"twitter:label1\" content=\"Gesch\u00e4tzte Lesezeit\" \/>\n\t<meta name=\"twitter:data1\" content=\"1\u00a0Minute\" \/>\n<script type=\"application\/ld+json\" class=\"yoast-schema-graph\">{\"@context\":\"https:\/\/schema.org\",\"@graph\":[{\"@type\":\"WebPage\",\"@id\":\"https:\/\/www.halimi.at\/\",\"url\":\"https:\/\/www.halimi.at\/\",\"name\":\"Geb\u00e4udereinigung in Wels - Winterdienst, Gartenpflege | Gebr\u00fcder Halimi GmbH\",\"isPartOf\":{\"@id\":\"https:\/\/www.halimi.at\/#website\"},\"datePublished\":\"2019-05-22T19:00:44+00:00\",\"dateModified\":\"2022-09-06T15:37:53+00:00\",\"description\":\"Geb\u00e4udereinigung , Gartenpflege &, Winterdienst in Wels, Ober\u00f6sterreich | Wir pflegen Ihr Objekt professionell und zuverl\u00e4ssig. Jetzt unverbindlich anfragen\",\"breadcrumb\":{\"@id\":\"https:\/\/www.halimi.at\/#breadcrumb\"},\"inLanguage\":\"de\",\"potentialAction\":[{\"@type\":\"ReadAction\",\"target\":[\"https:\/\/www.halimi.at\/\"]}]},{\"@type\":\"BreadcrumbList\",\"@id\":\"https:\/\/www.halimi.at\/#breadcrumb\",\"itemListElement\":[{\"@type\":\"ListItem\",\"position\":1,\"name\":\"Startseite\",\"item\":\"https:\/\/www.halimi.at\/\"},{\"@type\":\"ListItem\",\"position\":2,\"name\":\"Homepage\"}]},{\"@type\":\"WebSite\",\"@id\":\"https:\/\/www.halimi.at\/#website\",\"url\":\"https:\/\/www.halimi.at\/\",\"name\":\"Gebr\u00fcder Halimi GmbH\",\"description\":\"Geb\u00e4udereinigung Wels, Gartenpflege Wels, Winterdienst Wels\",\"potentialAction\":[{\"@type\":\"SearchAction\",\"target\":{\"@type\":\"EntryPoint\",\"urlTemplate\":\"https:\/\/www.halimi.at\/?s={search_term_string}\"},\"query-input\":\"required name=search_term_string\"}],\"inLanguage\":\"de\"}]}<\/script>\n<!-- \/ Yoast SEO plugin. -->","yoast_head_json":{"title":"Geb\u00e4udereinigung in Wels - Winterdienst, Gartenpflege | Gebr\u00fcder Halimi GmbH","description":"Geb\u00e4udereinigung , Gartenpflege &, Winterdienst in Wels, Ober\u00f6sterreich | Wir pflegen Ihr Objekt professionell und zuverl\u00e4ssig. Jetzt unverbindlich anfragen","robots":{"index":"index","follow":"follow","max-snippet":"max-snippet:-1","max-image-preview":"max-image-preview:large","max-video-preview":"max-video-preview:-1"},"canonical":"https:\/\/www.halimi.at\/","og_locale":"de_DE","og_type":"article","og_title":"Geb\u00e4udereinigung in Wels - Winterdienst, Gartenpflege | Gebr\u00fcder Halimi GmbH","og_description":"Geb\u00e4udereinigung , Gartenpflege &, Winterdienst in Wels, Ober\u00f6sterreich | Wir pflegen Ihr Objekt professionell und zuverl\u00e4ssig. Jetzt unverbindlich anfragen","og_url":"https:\/\/www.halimi.at\/","og_site_name":"Gebr\u00fcder Halimi GmbH","article_modified_time":"2022-09-06T15:37:53+00:00","og_image":[{"url":"https:\/\/www.halimi.at\/wp-content\/uploads\/2022\/04\/AdobeStock_267548196-1024x683.jpeg"}],"twitter_card":"summary_large_image","twitter_misc":{"Gesch\u00e4tzte Lesezeit":"1\u00a0Minute"},"schema":{"@context":"https:\/\/schema.org","@graph":[{"@type":"WebPage","@id":"https:\/\/www.halimi.at\/","url":"https:\/\/www.halimi.at\/","name":"Geb\u00e4udereinigung in Wels - Winterdienst, Gartenpflege | Gebr\u00fcder Halimi GmbH","isPartOf":{"@id":"https:\/\/www.halimi.at\/#website"},"datePublished":"2019-05-22T19:00:44+00:00","dateModified":"2022-09-06T15:37:53+00:00","description":"Geb\u00e4udereinigung , Gartenpflege &, Winterdienst in Wels, Ober\u00f6sterreich | Wir pflegen Ihr Objekt professionell und zuverl\u00e4ssig. Jetzt unverbindlich anfragen","breadcrumb":{"@id":"https:\/\/www.halimi.at\/#breadcrumb"},"inLanguage":"de","potentialAction":[{"@type":"ReadAction","target":["https:\/\/www.halimi.at\/"]}]},{"@type":"BreadcrumbList","@id":"https:\/\/www.halimi.at\/#breadcrumb","itemListElement":[{"@type":"ListItem","position":1,"name":"Startseite","item":"https:\/\/www.halimi.at\/"},{"@type":"ListItem","position":2,"name":"Homepage"}]},{"@type":"WebSite","@id":"https:\/\/www.halimi.at\/#website","url":"https:\/\/www.halimi.at\/","name":"Gebr\u00fcder Halimi GmbH","description":"Geb\u00e4udereinigung Wels, Gartenpflege Wels, Winterdienst Wels","potentialAction":[{"@type":"SearchAction","target":{"@type":"EntryPoint","urlTemplate":"https:\/\/www.halimi.at\/?s={search_term_string}"},"query-input":"required name=search_term_string"}],"inLanguage":"de"}]}},"_links":{"self":[{"href":"https:\/\/www.halimi.at\/index.php?rest_route=\/wp\/v2\/pages\/6"}],"collection":[{"href":"https:\/\/www.halimi.at\/index.php?rest_route=\/wp\/v2\/pages"}],"about":[{"href":"https:\/\/www.halimi.at\/index.php?rest_route=\/wp\/v2\/types\/page"}],"author":[{"embeddable":true,"href":"https:\/\/www.halimi.at\/index.php?rest_route=\/wp\/v2\/users\/1"}],"replies":[{"embeddable":true,"href":"https:\/\/www.halimi.at\/index.php?rest_route=%2Fwp%2Fv2%2Fcomments&post=6"}],"version-history":[{"count":493,"href":"https:\/\/www.halimi.at\/index.php?rest_route=\/wp\/v2\/pages\/6\/revisions"}],"predecessor-version":[{"id":5107,"href":"https:\/\/www.halimi.at\/index.php?rest_route=\/wp\/v2\/pages\/6\/revisions\/5107"}],"wp:attachment":[{"href":"https:\/\/www.halimi.at\/index.php?rest_route=%2Fwp%2Fv2%2Fmedia&parent=6"}],"curies":[{"name":"wp","href":"https:\/\/api.w.org\/{rel}","templated":true}]}}